are the prime factors of 11451?
3, 11, 347
List the prime factors of 3400.
2, 5, 17
What are the prime factors of 34406?
2, 17203
List the prime factors of 1768.
2, 13, 17
What are the prime factors of 1802?
2, 17, 53
What are the prime factors of 3433?
3433
What are the prime factors of 65628?
2, 3, 1823
List the prime factors of 5861.
5861
What are the prime factors of 427?
7, 61
What are the prime factors of 20?
2, 5
What are the prime factors of 129775?
5, 29, 179
List the prime factors of 45662.
2, 17, 79
What are the prime factors of 6290?
2, 5, 17, 37
List the prime factors of 77656.
2, 17, 571
List the prime factors of 124774.
2, 13, 4799
What are the prime factors of 1758?
2, 3, 293
What are the prime factors of 15691?
13, 17, 71
List the prime factors of 5292.
2, 3, 7
What are the prime factors of 16271?
53, 307
List the prime factors of 48928.
2, 11, 139
List the prime factors of 108969.
3, 7, 5189
List the prime factors of 2979.
3, 331
List the prime factors of 640.
2, 5
What are the prime factors of 1594?
2, 797
List the prime factors of 52408.
2, 6551
What are the prime factors of 19316?
2, 11, 439
List the prime factors of 717.
3, 239
What are the prime factors of 25189?
25189
List the prime factors of 20083.
7, 19, 151
What are the prime factors of 944?
2, 59
List the prime factors of 1252.
2, 313
List the prime factors of 573.
3, 191
List the prime factors of 11176.
2, 11, 127
What are the prime factors of 675?
3, 5
What are the prime factors of 2406?
2, 3, 401
List the prime factors of 4684.
2, 1171
What are the prime factors of 1379?
7, 197
List the prime factors of 86.
2, 43
What are the prime factors of 2149?
7, 307
List the prime factors of 1098.
2, 3, 61
What are the prime factors of 6142?
2, 37, 83
List the prime factors of 2986.
2, 1493
What are the prime factors of 1264?
2, 79
What are the prime factors of 3182?
2, 37, 43
What are the prime factors of 1684?
2, 421
What are the prime factors of 89747?
7, 12821
List the prime factors of 865.
5, 173
List the prime factors of 32217.
3, 10739
List the prime factors of 19779.
3, 19, 347
List the prime factors of 37372.
2, 9343
What are the prime factors of 2637?
3, 293
List the prime factors of 4675.
5, 11, 17
What are the prime factors of 4246?
2, 11, 193
List the prime factors of 4949.
7, 101
What are the prime factors of 1723?
1723
What are the prime factors of 36350?
2, 5, 727
What are the prime factors of 23322?
2, 3, 13, 23
List the prime factors of 28130.
2, 5, 29, 97
List the prime factors of 34256.
2, 2141
What are the prime factors of 73761?
3, 23, 1069
List the prime factors of 14605.
5, 23, 127
What are the prime factors of 166?
2, 83
What are the prime factors of 12817?
7, 1831
What are the prime factors of 67096?
2, 8387
What are the prime factors of 73476?
2, 3, 13, 157
What are the prime factors of 12945?
3, 5, 863
List the prime factors of 366.
2, 3, 61
What are the prime factors of 78996?
2, 3, 29, 227
List the prime factors of 79679.
17, 43, 109
List the prime factors of 2368.
2, 37
List the prime factors of 3297.
3, 7, 157
What are the prime factors of 10367?
7, 1481
List the prime factors of 30374.
2, 15187
List the prime factors of 18155.
5, 3631
List the prime factors of 1644.
2, 3, 137
List the prime factors of 576.
2, 3
What are the prime factors of 17466?
2, 3, 41, 71
List the prime factors of 25091.
11, 2281
What are the prime factors of 104387?
47, 2221
What are the prime factors of 111188?
2, 7, 11, 19
List the prime factors of 995.
5, 199
What are the prime factors of 4523?
4523
List the prime factors of 164.
2, 41
What are the prime factors of 4423?
4423
What are the prime factors of 204?
2, 3, 17
What are the prime factors of 24546?
2, 3, 4091
List the prime factors of 28765.
5, 11, 523
List the prime factors of 4118.
2, 29, 71
List the prime factors of 476.
2, 7, 17
List the prime factors of 2020.
2, 5, 101
List the prime factors of 307.
307
What are the prime factors of 20701?
127, 163
What are the prime factors of 5030?
2, 5, 503
What are the prime factors of 36017?
36017
What are the prime factors of 31905?
3, 5, 709
List the prime factors of 7272.
2, 3, 101
What are the prime factors of 1386?
2, 3, 7, 11
List the prime factors of 20317.
11, 1847
What are the prime factors of 6700?
2, 5, 67
What are the prime factors of 2450?
2, 5, 7
What are the prime factors of 939?
3, 313
What are the prime factors of 5649?
3, 7, 269
What are the prime factors of 122?
2, 61
What are the prime factors of 82656?
2, 3, 7, 41
List the prime factors of 10767.
3, 37, 97
What are the prime factors of 17625?
3, 5, 47
List the prime factors of 78.
2, 3, 13
What are the prime factors of 1648?
2, 103
List the prime factors of 33475.
5, 13, 103
What are the prime factors of 710?
2, 5, 71
What are the prime factors of 539?
7, 11
What are the prime factors of 39120?
2, 3, 5, 163
List the prime factors of 7368.
2, 3, 307
List the prime factors of 47452.
2, 11863
List the prime factors of 35948.
2, 11, 19, 43
What are the prime factors of 16310?
2, 5, 7, 233
List the prime factors of 14659.
107, 137
What are the prime factors of 295?
5, 59
What are the prime factors of 139?
139
What are the prime factors of 17414?
2, 8707
List the prime factors of 109298.
2, 7, 37, 211
What are the prime factors of 28778?
2, 14389
What are the prime factors of 4725?
3, 5, 7
What are the prime factors of 37974?
2, 3, 6329
What are the prime factors of 46889?
46889
What are the prime factors of 51178?
2, 25589
List the prime factors of 23.
23
What are the prime factors of 2222?
2, 11, 101
What are the prime factors of 27050?
2, 5, 541
List the prime factors of 5422.
2, 2711
List the prime factors of 5095.
5, 1019
List the prime factors of 23294.
2, 19, 613
What are the prime factors of 73?
73
List the prime factors of 260.
2, 5, 13
List the prime factors of 1975.
5, 79
What are the prime factors of 19711?
23, 857
List the prime factors of 45194.
2, 59, 383
List the prime factors of 1757.
7, 251
List the prime factors of 1104.
2, 3, 23
What are the prime factors of 68829?
3, 22943
List the prime factors of 1138.
2, 569
List the prime factors of 2415.
3, 5, 7, 23
What are the prime factors of 52?
2, 13
List the prime factors of 9996.
2, 3, 7, 17
List the prime factors of 2653.
7, 379
List the prime factors of 16228.
2, 4057
What are the prime factors of 39720?
2, 3, 5, 331
List the prime factors of 152315.
5, 41, 743
List the prime factors of 2280.
2, 3, 5, 19
List the prime factors of 1208.
2, 151
What are the prime factors of 13831?
13831
List the prime factors of 7349.
7349
List the prime factors of 341.
11, 31
List the prime factors of 12159.
3, 7, 193
List the prime factors of 7289.
37, 197
What are the prime factors of 13119?
3, 4373
List the prime factors of 84817.
89, 953
What are the prime factors of 11754?
2, 3, 653
What are the prime factors of 1270?
2, 5, 127
List the prime factors of 53197.
53197
List the prime factors of 753.
3, 251
What are the prime factors of 10161?
3, 1129
What are the prime factors of 7811?
73, 107
List the prime factors of 680.
2, 5, 17
What are the prime factors of 12370?
2, 5, 1237
List the prime factors of 1038.
2, 3, 173
What are the prime factors of 986?
2, 17, 29
What are the prime factors of 33271?
7, 97
List the prime factors of 5493.
3, 1831
What are the prime factors of 1588?
2, 397
List the prime factors of 493.
17, 29
What are the prime factors of 87602?
2, 43801
What are the prime factors of 3614?
2, 13, 139
List the prime factors of 7364.
2, 7, 263
List the prime factors of 52210.
2, 5, 23, 227
List the prime factors of 64660.
2, 5, 53, 61
List the prime factors of 2583.
3, 7, 41
List the prime factors of 5158.
2, 2579
List the prime factors of 152951.
43, 3557
What are the prime factors of 33548?
2, 8387
What are the prime factors of 6?
2, 3
List the prime factors of 1696.
2, 53
List the prime factors of 1150.
2, 5, 23
What are the prime factors of 438?
2, 3, 73
What are the prime factors of 34699?
7, 4957
What are the prime factors of 3353?
7, 479
What are the prime factors of 92501?
233, 397
List the prime factors of 3739.
3739
What are the prime factors of 49704?
2, 3, 19, 109
What are the prime factors of 6155?
5, 1231
List the 